mon divisor of 12240 and 2517615?
765
Calculate the highest common divisor of 5026528 and 3328.
416
What is the highest common factor of 105 and 21736015?
35
Calculate the greatest common divisor of 1607840 and 1160.
40
Calculate the greatest common factor of 1340058270 and 30.
30
Calculate the highest common divisor of 50362 and 2473146.
338
Calculate the highest common divisor of 518 and 225293.
37
What is the greatest common factor of 102775994 and 885?
59
What is the greatest common divisor of 4894 and 5299?
1
Calculate the highest common factor of 67954 and 1586.
122
Calculate the greatest common factor of 154 and 21173614.
154
What is the highest common factor of 12384502 and 717?
239
Calculate the greatest common factor of 1624401 and 1785.
51
What is the greatest common divisor of 1107 and 18714204?
369
What is the greatest common divisor of 34 and 10317300?
34
What is the highest common divisor of 169215267 and 5226?
2613
Calculate the greatest common factor of 250480 and 109847600.
8080
What is the greatest common factor of 9834 and 5393?
1
Calculate the highest common factor of 12 and 126891090.
6
Calculate the highest common factor of 43799 and 1841.
7
Calculate the highest common factor of 4263 and 84181809.
87
Calculate the highest common factor of 18852290 and 7025.
1405
Calculate the highest common factor of 1497352 and 17784.
152
Calculate the greatest common factor of 280395 and 95715.
135
Calculate the highest common factor of 40640 and 296090.
10
Calculate the greatest common factor of 21648 and 3444984.
984
Calculate the highest common factor of 3147964 and 828.
92
What is the highest common divisor of 155480745 and 15?
15
What is the highest common factor of 122126 and 229270?
454
What is the highest common factor of 6 and 26687805?
3
Calculate the highest common divisor of 14535 and 95895.
45
What is the highest common factor of 329070785 and 17575?
3515
Calculate the greatest common factor of 24840 and 72680.
920
Calculate the highest common divisor of 28146286 and 848.
106
Calculate the highest common divisor of 207437986 and 406.
406
What is the greatest common factor of 244378 and 310517?
1121
Calculate the greatest common factor of 168 and 2276134.
14
Calculate the highest common factor of 1099919694 and 974.
974
Calculate the greatest common divisor of 5662 and 3418.
2
Calculate the highest common factor of 36991170 and 10530.
90
Calculate the highest common divisor of 64 and 16002864.
16
Calculate the greatest common factor of 187 and 579832.
11
Calculate the greatest common factor of 44618 and 106722.
14
What is the greatest common divisor of 80808 and 66293640?
6216
Calculate the highest common factor of 178752654 and 34.
34
What is the greatest common divisor of 380125 and 28250?
125
Calculate the highest common divisor of 71371 and 145573.
149
Calculate the greatest common factor of 3250 and 74269250.
250
What is the greatest common factor of 129816 and 25290?
18
What is the highest common factor of 702 and 222316536?
78
Calculate the highest common factor of 324 and 414456.
12
Calculate the greatest common divisor of 2114 and 1078154.
14
What is the highest common factor of 10658 and 789422?
146
What is the greatest common divisor of 1004018 and 446918?
1238
What is the highest common divisor of 44314109 and 75789?
2807
What is the highest common factor of 621949373 and 31?
31
What is the highest common factor of 601980 and 17145?
1905
Calculate the greatest common factor of 4 and 38870564.
4
What is the greatest common factor of 9537804 and 2444?
188
Calculate the greatest common divisor of 23556 and 1598428.
52
Calculate the highest common factor of 17360772 and 2412.
804
What is the greatest common factor of 20085 and 7720365?
1545
Calculate the greatest common factor of 24329739 and 7.
7
Calculate the highest common divisor of 90 and 1297707930.
90
What is the greatest common divisor of 1099983 and 258?
129
Calculate the greatest common factor of 330 and 103469190.
330
Calculate the greatest common factor of 8550626 and 34.
34
Calculate the greatest common divisor of 435 and 4868665.
145
Calculate the highest common divisor of 553 and 147730079.
553
What is the highest common divisor of 12249195 and 7?
7
Calculate the highest common divisor of 198 and 64654425.
99
What is the highest common divisor of 111137 and 102427?
13
Calculate the greatest common factor of 298662 and 4.
2
Calculate the greatest common factor of 3223925 and 4300.
1075
Calculate the greatest common divisor of 164 and 5802074.
82
Calculate the greatest common factor of 2235058 and 77826.
238
Calculate the greatest common divisor of 9 and 4226091.
3
Calculate the greatest common divisor of 4894 and 3578.
2
Calculate the greatest common divisor of 76784 and 129008.
16
Calculate the highest common factor of 510 and 12628535.
85
What is the greatest common divisor of 2607490 and 15?
5
Calculate the greatest common factor of 261639 and 315.
63
What is the highest common factor of 206887200 and 1040?
1040
What is the greatest common factor of 129841950 and 210?
210
Calculate the highest common factor of 32279 and 271793.
191
Calculate the highest common factor of 432 and 777616.
16
Calculate the greatest common divisor of 2603097 and 1701.
567
What is the highest common divisor of 1948 and 54160?
4
Calculate the highest common divisor of 76232 and 797576.
104
Calculate the greatest common factor of 8014496 and 1918.
14
Calculate the highest common factor of 224448 and 2743643.
1169
Calculate the highest common divisor of 434112 and 10692592.
5168
Calculate the greatest common divisor of 267633 and 18078.
393
Calculate the highest common divisor of 46587 and 274248.
879
What is the greatest common divisor of 8156112 and 592?
16
Calculate the greatest common divisor of 2989558 and 682.
22
What is the highest common divisor of 122222 and 217097?
23
Calculate the greatest common divisor of 27 and 13759839.
9
Calculate the greatest common factor of 38289162 and 8838.
2946
Calculate the highest common factor of 670 and 155701300.
670
What is the highest common divisor of 2586109 and 19?
19
What is the highest common divisor of 2134 and 27940?
22
Calculate the greatest common factor of 56 and 78453608.
8
What is the highest common factor of 206784 and 14943375?
3231
What is the greatest common factor of 17 and 129993679?
17
Calculate the highest common divisor of 24 and 54530940.
12
What is the highest common factor of 105 and 128933875?
35
What is the highest common divisor of 274 and 5414377?
137
Calculate the greatest common factor of 77529030 and 30.
30
Calculate the highest common factor of 213 and 18006168.
213
What is the greatest common factor of 48595485 and 195?
15
What is the highest common divisor of 3652460 and 1960?
980
Calculate the greatest common divisor of 708402811 and 167.
167
What is the greatest common factor of 69 and 105460221?
69
What is the greatest common divisor of 280 and 12344780?
140
Calculate the highest common divisor of 9396 and 5466268.
116
Calculate the highest common factor of 296 and 74776184.
8
Calculate the greatest common factor of 225528249 and 43.
43
Calculate the highest common factor of 585 and 932945.
65
Calculate the greatest common divisor of 426591 and 537075.
3069
What is the greatest common factor of 377 and 1366857?
29
What is the greatest common divisor of 325 and 27636700?
325
What is the greatest common factor of 45 and 4682754?
9
Calculate the greatest common divisor of 9583427 and 112.
7
Calculate the highest common divisor of 2114091 and 220248.
1449
What is the greatest common divisor of 294 and 6910260?
42
What is the greatest common factor of 264 and 13165878?
66
What is the greatest common factor of 33397240 and 8600?
1720
What is the greatest common divisor of 618953 and 5474?
391
Calculate the highest common divisor of 16004211 and 12.
3
What is the greatest common divisor of 21888285 and 6080?
95
What is the highest common divisor of 11 and 3614489989?
11
What is the highest common factor of 55854 and 880182?
1926
Calculate the greatest common divisor of 3268 and 3451198.
38
Calculate the highest common factor of 2654876 and 826.
14
What is the highest common divisor of 84393722 